95 + -110. What is the remainder when 375 is divided by k?
5
Let n = 11 + -16. Suppose 2*f = -10, 2*o = -o + f + 311. Calculate the remainder when o is divided by (-1 - 8/n) + 254/10.
24
Suppose 4*p + 0*p + 20 = 0. Let a = 159 + -124. What is the remainder when a is divided by (p/10)/((-1)/18)?
8
Let j = -7 + 11. Suppose 0 = j*y - 52 + 20. Suppose 3*w - 57 = 0, -3*c + 14*w - 27 = -4*c + 13*w. Calculate the remainder when y is divided by c.
0
Suppose 2*h = -g - 10 + 44, -62 = -4*h + g. Suppose 6*w - 2*w = h. Suppose -2*q = 5*b + 10, 2*b - w = -2*q - 2. Calculate the remainder when q is divided by 2.
1
Let u = 2979 - 2930. What is the remainder when 732 is divided by u?
46
Suppose 9401 = 5*i + u, u = -2*i + 5312 - 1554. Calculate the remainder when i is divided by 12.
9
Let x be (112/105)/8 + (-124)/30. Let r(g) = -4*g - 10. Calculate the remainder when 11 is divided by r(x).
5
Let o = -82 + -189. Let x = o - -356. What is the remainder when x is divided by 27?
4
Let x = 9803 + -9698. Calculate the remainder when 3672 is divided by x.
102
Let w(f) = -101*f - 51. Let c = 1 - -16. What is the remainder when w(-3) is divided by c?
14
Let p(n) = n**3 + 7*n**2 + 29*n + 464. What is the remainder when 3020 is divided by p(-8)?
164
Suppose 4*b - 8 = 0, -4*s + b + 28 = -30. Suppose s = -6*c + 45. Let g = 7 + -2. Calculate the remainder when g is divided by c.
0
Let h(f) = 5*f**2 + f - 1. Let p be h(-1). Suppose p*g - 5*q = 1166, 2*q - 366 = -g - 2*q. What is the remainder when g is divided by 48?
46
Let f(b) = -b**3 - 7*b**2 + 124*b + 60. What is the remainder when 2206 is divided by f(8)?
90
Suppose 3*n - 4*g - 29 = 0, n + 12 = -2*g - g. Let l be (-115)/(-10) + -3*n/6. What is the remainder when 4 is divided by (8/l)/((-12)/(-30))?
0
What is the remainder when 974 is divided by 144/(-80)*(-1 - (0 - -239))?
110
Let l(y) = 117*y + 3. Let f be l(1). Suppose -3*j - 3*g + 138 = 54, 4*g + f = 4*j. Suppose 2*z = -2*z + 24. Calculate the remainder when j is divided by z.
5
Let n(x) = -14*x + 84. Let s be n(6). Let p(g) = -3*g**2 + 2*g + 22. Calculate the remainder when 63 is divided by p(s).
19
Let p(b) = -25*b - 120. Let o be p(-5). Suppose o*x - 91 = -21. Calculate the remainder when 38 is divided by x.
10
Let p = -82 - -133. Suppose p = d + 39. Suppose r + 2*r - 66 = 0. What is the remainder when r is divided by d?
10
Let v = -11811 - -12274. What is the remainder when v is divided by 167?
129
Let n be 1/4 - (-15)/4. Let v = 12 - n. Let l(g) = -2*g**3 - 3*g**2 + 25*g + 61. What is the remainder when l(-3) is divided by v?
5
Let o(w) = 5*w**2 - 13*w - 3. Calculate the remainder when o(9) is divided by ((-6570)/27)/((-200)/60).
66
Let o = -6020 - -7909. What is the remainder when o is divided by 90?
89
Suppose -7*c + 3*m + 211 = -5*c, 3*m = 3*c - 324. Suppose -4*d = 4*n - 2*d - 76, 0 = -n - 5*d + 37. Calculate the remainder when c is divided by n.
11
Suppose 2*x - 6 = -2*h, -10*x - 18 = -6*x - 2*h. What is the remainder when 82 is divided by x/29 - 35784/(-812)?
38
Let u(c) = 6*c + 243. Let j be u(-40). Calculate the remainder when 154 is divided by -1 - (-3 - (j - -48)).
48
Let t = 338 + -331. Suppose 3*v + 4*b - 283 = 0, 4*b - 485 = 2*v - t*v. What is the remainder when v is divided by 37?
27
Let g = -33 - -50. Suppose -14*r + 77 + 7 = 0. Calculate the remainder when (-2)/6 + ((-196)/(-3) - r) is divided by g.
8
Let y(z) = -5*z**2 - 233*z + 106. What is the remainder when -1 - ((0 - 3) + -12) is divided by y(-47)?
2
Suppose -2*f + 4*n = -104, 24*f + n + 242 = 29*f. Calculate the remainder when 1151 is divided by f.
47
Let k be 2*-1*22/154*-21. Suppose 16 = 2*w + k. Calculate the remainder when 19 is divided by w.
4
Let t(v) = -4*v**3 + 3*v**2 - 2*v + 3. Let f be t(-4). Suppose 4*d - f = -95. Calculate the remainder when 210 is divided by d.
45
Suppose 3*h - 2*z - 39 = 0, -4*h + z + 14 = -3*h. Suppose -808*u + 10223 = 12038 - 68879. Calculate the remainder when u is divided by h.
6
Let r(y) = -2*y**3 - 7*y**2 + 9*y + 4. Suppose 1 = -9*n + 622. Suppose -5*m + 41 = -n. Calculate the remainder when r(-6) is divided by m.
20
Let f(u) = -2*u + 64. Let g be f(29). Let z(c) = 40*c + 17. What is the remainder when z(g) is divided by 10?
7
Let a(q) = 6*q - 3. Suppose 3*n - 5*l = -2*n + 65, n - 16 = -2*l. Suppose 0 = r - 58 + n. Calculate the remainder when r is divided by a(2).
8
Suppose 1330 + 6926 = 68*h + 1184. What is the remainder when 220 is divided by h?
12
Suppose 0 = -8*w + 3*w + 435. Suppose -h - w + 92 = 0, 0 = 3*d - 3*h - 33. What is the remainder when 61 is divided by d?
13
Suppose 400877 + 506803 = 372*g. Calculate the remainder when g is divided by 2429.
11
What is the remainder when ((-237)/2)/(97/(-194)) is divided by 220?
17
Let t(j) = -4 + 3*j - 1 + 2*j**2 + 2 + 10*j**3. What is the remainder when t(2) is divided by 868/(42/(-3))*(-4)/8?
29
Suppose 2*h + 214 = -l + 622, 2*l - 5*h = 798. Calculate the remainder when l is divided by 197.
10
Let y = -16 - -20. Suppose 5*c - 1 = -t + y*c, 2 = -c. Suppose 3*p - 2*p = 3*h - 202, t*p = 4*h - 276. What is the remainder when h is divided by 18?
12
Let x(p) = -28*p + 64. Let f(a) = 14*a - 32. Let w(c) = 5*f(c) + 3*x(c). Calculate the remainder when (1 + -3)/(2/(-53)) is divided by w(1).
17
Let g(x) be the second derivative of x**4/4 + 5*x**3/6 + 7*x**2/2 - 13*x + 1. Calculate the remainder when g(-3) is divided by 4.
3
Suppose -3*z = 3*b - 6 - 24, 3*z = 3*b + 42. Suppose -z*n + 75 = -69. Calculate the remainder when 23 is divided by n.
11
Suppose 0*x + 39*x = -50*x + 13617. Calculate the remainder when 27538 is divided by x.
151
Let m be (-18)/(-6 - -12) - -6*5. Let v = 54 + m. What is the remainder when v is divided by 22?
15
Suppose -4*k + 1 + 19 = 0. Suppose 3*y + 11 = x, k*x + 9 + 0 = -y. Let g(w) = 20*w**2 + 5*w + 4. What is the remainder when 93 is divided by g(x)?
17
Suppose -13*p = 3*p - 96. Suppose p*h - 455 = h. What is the remainder when h is divided by 26?
13
Let l = -4614 + 4654. Calculate the remainder when 1598 is divided by l.
38
Let c = -12032 + 12142. Calculate the remainder when 521 is divided by c.
81
Calculate the remainder when 12346 is divided by -6 - -7 - ((-4 - 9) + 4).
6
Suppose -18*r - 7 = -11*r. Calculate the remainder when r/((-3305)/825 - (-7 - -3)) is divided by 47.
24
Let u(l) = -3*l + 59*l**2 - 1 - 50*l**2 - 2*l. Let q(x) = -10*x**2 + 5*x + 1. Let z(b) = 4*q(b) + 5*u(b). Calculate the remainder when 53 is divided by z(2).
8
Let u(h) = h**2 - 20*h - 3. Let j = -219 + 244. Calculate the remainder when u(j) is divided by 4.
2
Suppose 0 = 3*g - 12. Let r be (-8)/(-5) + (-14)/(-35). Suppose -g*x + 366 + 234 = -l, -r*l - 600 = -4*x. Calculate the remainder when x is divided by 17.
14
Let l = 3 + 5. Suppose -2*t = 4*y - l, 3 = t + 5*y - 1. Suppose 27 + 181 = t*w. What is the remainder when w is divided by 18?
16
Let t = -6294 + 6402. What is the remainder when 442 is divided by t?
10
Calculate the remainder when (14/5)/(180/43200) is divided by 665.
7
Suppose -10*r + 3*r = -2996. Let y = r + -238. Suppose 0 = 4*j + 2*p - y, 3*p = 4*j - 3*j - 30. Calculate the remainder when j is divided by 14.
3
Let f(i) = 3*i**2 + 6281*i + 18844. Suppose -5*y - 42 = -l + 29, 3*y - 3*l = -45. Let c = y - -30. What is the remainder when f(-3) is divided by c?
12
Let a(f) = -f**3 - 16*f**2 + 17*f + 13. Let b be a(-17). What is the remainder when 1*71 + (b - 14) is divided by -2*1/((-4)/38)?
13
Let l(g) = -2212*g + 6738. Suppose -3*y = y - 224. What is the remainder when l(3) is divided by y?
46
Suppose -2374 = 20*b - 138*b + 3054. Suppose -640 = -5*p + 4*w, -2*p + 244 = -3*w - w. Calculate the remainder when p is divided by b.
40
Let u be ((-13)/(-5))/((-216)/(-30) + -7). Suppose -t - 61 + u = -2*l, t = 0. Calculate the remainder when 261 is divided by l.
21
Let l be 5 - (-3 - -8) - 2*-1. Let t(b) = -55*b - 16. Let n be t(l). Let p = -119 - n. What is the remainder when 17 is divided by p?
3
Let b be 15 + -15 + 4*1. Suppose -5*q = -b*u - 2, -u = -5*u + 8. Suppose 5*d - 259 = -q*x, -d + 2*d = -4*x + 41. What is the remainder when 157 is divided by d?
51
Suppose 4*n + 312*t - 220 = 313*t, -3*n = -4*t - 152. Calculate the remainder when 299 is divided by n.
19
Suppose -88*z + 884 = -20*z. Suppose 5*